{"id":2969,"date":"2024-08-19T13:06:25","date_gmt":"2024-08-19T10:06:25","guid":{"rendered":"https:\/\/lvm.ee\/uuskalamehe\/?page_id=2969"},"modified":"2024-08-29T16:20:37","modified_gmt":"2024-08-29T13:20:37","slug":"ehitus","status":"publish","type":"page","link":"https:\/\/lvm.ee\/uuskalamehe\/ehitus\/","title":{"rendered":"Ehitus"},"content":{"rendered":"\t\t<div data-elementor-type=\"wp-page\" data-elementor-id=\"2969\" class=\"elementor elementor-2969\" data-elementor-post-type=\"page\">\n\t\t\t\t<div class=\"elementor-element elementor-element-ab1eee0 e-flex e-con-boxed e-con e-parent\" data-id=\"ab1eee0\" data-element_type=\"container\" data-settings=\"{&quot;background_background&quot;:&quot;classic&quot;}\" data-core-v316-plus=\"true\">\n\t\t\t\t\t<div class=\"e-con-inner\">\n\t\t\t\t\t<\/div>\n\t\t\t\t<\/div>\n\t\t<div class=\"elementor-element elementor-element-3a661b9 e-flex e-con-boxed e-con e-parent\" data-id=\"3a661b9\" data-element_type=\"container\" data-core-v316-plus=\"true\">\n\t\t\t\t\t<div class=\"e-con-inner\">\n\t\t\t\t<div class=\"elementor-element elementor-element-a7a0132 elementor-widget elementor-widget-spacer\" data-id=\"a7a0132\" data-element_type=\"widget\" data-widget_type=\"spacer.default\">\n\t\t\t\t<div class=\"elementor-widget-container\">\n\t\t\t<style>\/*! elementor - v3.20.0 - 20-03-2024 *\/\n.elementor-column .elementor-spacer-inner{height:var(--spacer-size)}.e-con{--container-widget-width:100%}.e-con-inner>.elementor-widget-spacer,.e-con>.elementor-widget-spacer{width:var(--container-widget-width,var(--spacer-size));--align-self:var(--container-widget-align-self,initial);--flex-shrink:0}.e-con-inner>.elementor-widget-spacer>.elementor-widget-container,.e-con>.elementor-widget-spacer>.elementor-widget-container{height:100%;width:100%}.e-con-inner>.elementor-widget-spacer>.elementor-widget-container>.elementor-spacer,.e-con>.elementor-widget-spacer>.elementor-widget-container>.elementor-spacer{height:100%}.e-con-inner>.elementor-widget-spacer>.elementor-widget-container>.elementor-spacer>.elementor-spacer-inner,.e-con>.elementor-widget-spacer>.elementor-widget-container>.elementor-spacer>.elementor-spacer-inner{height:var(--container-widget-height,var(--spacer-size))}.e-con-inner>.elementor-widget-spacer.elementor-widget-empty,.e-con>.elementor-widget-spacer.elementor-widget-empty{position:relative;min-height:22px;min-width:22px}.e-con-inner>.elementor-widget-spacer.elementor-widget-empty .elementor-widget-empty-icon,.e-con>.elementor-widget-spacer.elementor-widget-empty .elementor-widget-empty-icon{position:absolute;top:0;bottom:0;left:0;right:0;margin:auto;padding:0;width:22px;height:22px}<\/style>\t\t<div class=\"elementor-spacer\">\n\t\t\t<div class=\"elementor-spacer-inner\"><\/div>\n\t\t<\/div>\n\t\t\t\t<\/div>\n\t\t\t\t<\/div>\n\t\t\t\t\t<\/div>\n\t\t\t\t<\/div>\n\t\t<div class=\"elementor-element elementor-element-c27abb7 e-flex e-con-boxed e-con e-parent\" data-id=\"c27abb7\" data-element_type=\"container\" data-core-v316-plus=\"true\">\n\t\t\t\t\t<div class=\"e-con-inner\">\n\t\t<div class=\"elementor-element elementor-element-3f520c6 e-con-full e-flex e-con e-child\" data-id=\"3f520c6\" data-element_type=\"container\">\n\t\t\t\t<div class=\"elementor-element elementor-element-f9b429a elementor-widget elementor-widget-text-editor\" data-id=\"f9b429a\" data-element_type=\"widget\" data-widget_type=\"text-editor.default\">\n\t\t\t\t<div class=\"elementor-widget-container\">\n\t\t\t<style>\/*! elementor - v3.20.0 - 20-03-2024 *\/\n.elementor-widget-text-editor.elementor-drop-cap-view-stacked .elementor-drop-cap{background-color:#69727d;color:#fff}.elementor-widget-text-editor.elementor-drop-cap-view-framed .elementor-drop-cap{color:#69727d;border:3px solid;background-color:transparent}.elementor-widget-text-editor:not(.elementor-drop-cap-view-default) .elementor-drop-cap{margin-top:8px}.elementor-widget-text-editor:not(.elementor-drop-cap-view-default) .elementor-drop-cap-letter{width:1em;height:1em}.elementor-widget-text-editor .elementor-drop-cap{float:left;text-align:center;line-height:1;font-size:50px}.elementor-widget-text-editor .elementor-drop-cap-letter{display:inline-block}<\/style>\t\t\t\t<div data-id=\"b101229\" data-element_type=\"widget\" data-widget_type=\"heading.default\">\n<div>\n<p style=\"font-family: Platypi, sans-serif;\">Energiaklass<\/p>\n<\/div>\n<\/div>\t\t\t\t\t\t<\/div>\n\t\t\t\t<\/div>\n\t\t\t\t<div class=\"elementor-element elementor-element-1417ef8 elementor-widget elementor-widget-text-editor\" data-id=\"1417ef8\" data-element_type=\"widget\" data-widget_type=\"text-editor.default\">\n\t\t\t\t<div class=\"elementor-widget-container\">\n\t\t\t\t\t\t\t<p>Energiaklass A. Hoone katusele paigaldatud p\u00e4ikesejaam j\u00e4\u00e4b korteri\u00fchistu omandisse ja toodab elektrit k\u00f5igile korteriomanikele. P\u00e4ikesejaama nominaalv\u00f5imsus on 15 kWp, aastane toodang kuni 11632 kWh.<\/p>\t\t\t\t\t\t<\/div>\n\t\t\t\t<\/div>\n\t\t\t\t<\/div>\n\t\t<div class=\"elementor-element elementor-element-7bf5010 e-con-full e-flex e-con e-child\" data-id=\"7bf5010\" data-element_type=\"container\">\n\t\t\t\t<div class=\"elementor-element elementor-element-bf4d6b2 elementor-widget elementor-widget-text-editor\" data-id=\"bf4d6b2\" data-element_type=\"widget\" data-widget_type=\"text-editor.default\">\n\t\t\t\t<div class=\"elementor-widget-container\">\n\t\t\t\t\t\t\t<div data-id=\"b101229\" data-element_type=\"widget\" data-widget_type=\"heading.default\"><div><p style=\"font-family: Platypi, sans-serif;\">Siseseinad<\/p><\/div><\/div>\t\t\t\t\t\t<\/div>\n\t\t\t\t<\/div>\n\t\t\t\t<div class=\"elementor-element elementor-element-566aacc elementor-widget elementor-widget-text-editor\" data-id=\"566aacc\" data-element_type=\"widget\" data-widget_type=\"text-editor.default\">\n\t\t\t\t<div class=\"elementor-widget-container\">\n\t\t\t\t\t\t\t<p>Korterite vahelised kandeseinad on 240 mm betoonplokkidest, mis on t\u00e4is valatud betooni ja kahelt poolt krohvitud. Korterite siseseinad on metallkarkassil kahelt poolt erik\u00f5va kipsiga kaetud kipsplaatseinad, isolatsioonimaterjaliks kasutatud mineraalvill.<\/p>\t\t\t\t\t\t<\/div>\n\t\t\t\t<\/div>\n\t\t\t\t<\/div>\n\t\t<div class=\"elementor-element elementor-element-c20601b e-con-full e-flex e-con e-child\" data-id=\"c20601b\" data-element_type=\"container\">\n\t\t\t\t<div class=\"elementor-element elementor-element-4088f26 elementor-widget elementor-widget-text-editor\" data-id=\"4088f26\" data-element_type=\"widget\" data-widget_type=\"text-editor.default\">\n\t\t\t\t<div class=\"elementor-widget-container\">\n\t\t\t\t\t\t\t<div data-id=\"b101229\" data-element_type=\"widget\" data-widget_type=\"heading.default\"><p style=\"font-family: Platypi, sans-serif;\">Elekter<\/p><\/div>\t\t\t\t\t\t<\/div>\n\t\t\t\t<\/div>\n\t\t\t\t<div class=\"elementor-element elementor-element-593cea0 elementor-widget elementor-widget-text-editor\" data-id=\"593cea0\" data-element_type=\"widget\" data-widget_type=\"text-editor.default\">\n\t\t\t\t<div class=\"elementor-widget-container\">\n\t\t\t\t\t\t\t<p>Elektri ja n\u00f5rkvooluosaga korteri kilp paikneb valdavalt esikukapi jaoks etten\u00e4htud seinas. Kilbis paiknevad elektriosas automaatkaitsmed ja n\u00f5rkvooluosas TV-ja side\u00fchendused. Igasse korterisse tuuakse hoone jaotuskeskusest optiline sidekaabel. Korterisisene kaabeldus on Cat6 kaabliga.<\/p>\t\t\t\t\t\t<\/div>\n\t\t\t\t<\/div>\n\t\t\t\t<\/div>\n\t\t<div class=\"elementor-element elementor-element-6660784 e-con-full e-flex e-con e-child\" data-id=\"6660784\" data-element_type=\"container\">\n\t\t\t\t<div class=\"elementor-element elementor-element-8ea9112 elementor-widget elementor-widget-text-editor\" data-id=\"8ea9112\" data-element_type=\"widget\" data-widget_type=\"text-editor.default\">\n\t\t\t\t<div class=\"elementor-widget-container\">\n\t\t\t\t\t\t\t<div data-id=\"b101229\" data-element_type=\"widget\" data-widget_type=\"heading.default\"><div><p style=\"font-family: Platypi, sans-serif;\">Aknad, r\u00f5dud<\/p><\/div><\/div>\t\t\t\t\t\t<\/div>\n\t\t\t\t<\/div>\n\t\t\t\t<div class=\"elementor-element elementor-element-54c4882 elementor-widget elementor-widget-text-editor\" data-id=\"54c4882\" data-element_type=\"widget\" data-widget_type=\"text-editor.default\">\n\t\t\t\t<div class=\"elementor-widget-container\">\n\t\t\t\t\t\t\t<p>Hoonel on kolmekordse klaaspaketiga puitaknad.<\/p><p>Kirkast klaasist r\u00f5dupiirded v\u00f5imaldavad toast avarat vaadet. R\u00f5dude p\u00f5randal on terrassilaudis.\u00a0<\/p><p>\u00a0<\/p>\t\t\t\t\t\t<\/div>\n\t\t\t\t<\/div>\n\t\t\t\t<\/div>\n\t\t\t\t\t<\/div>\n\t\t\t\t<\/div>\n\t\t<div class=\"elementor-element elementor-element-3099641 e-flex e-con-boxed e-con e-parent\" data-id=\"3099641\" data-element_type=\"container\" data-core-v316-plus=\"true\">\n\t\t\t\t\t<div class=\"e-con-inner\">\n\t\t<div class=\"elementor-element elementor-element-44691b8 e-con-full e-flex e-con e-child\" data-id=\"44691b8\" data-element_type=\"container\">\n\t\t\t\t<div class=\"elementor-element elementor-element-85d87d8 elementor-widget elementor-widget-text-editor\" data-id=\"85d87d8\" data-element_type=\"widget\" data-widget_type=\"text-editor.default\">\n\t\t\t\t<div class=\"elementor-widget-container\">\n\t\t\t\t\t\t\t<div data-id=\"b101229\" data-element_type=\"widget\" data-widget_type=\"heading.default\"><div><p style=\"font-family: Platypi, sans-serif;\">Veevarustus<\/p><\/div><\/div>\t\t\t\t\t\t<\/div>\n\t\t\t\t<\/div>\n\t\t\t\t<div class=\"elementor-element elementor-element-ba57fa8 elementor-widget elementor-widget-text-editor\" data-id=\"ba57fa8\" data-element_type=\"widget\" data-widget_type=\"text-editor.default\">\n\t\t\t\t<div class=\"elementor-widget-container\">\n\t\t\t\t\t\t\t<p>Elamu on \u00fchendatud P\u00e4rnu linna vee- ja kanalisatsiooniv\u00f5rku. Veearvestite n\u00e4idud v\u00f5etakse kauglugemise teel automaatselt.<\/p>\t\t\t\t\t\t<\/div>\n\t\t\t\t<\/div>\n\t\t\t\t<\/div>\n\t\t<div class=\"elementor-element elementor-element-26fb3a3 e-con-full e-flex e-con e-child\" data-id=\"26fb3a3\" data-element_type=\"container\">\n\t\t\t\t<div class=\"elementor-element elementor-element-43d62bb elementor-widget__width-initial elementor-widget elementor-widget-text-editor\" data-id=\"43d62bb\" data-element_type=\"widget\" data-widget_type=\"text-editor.default\">\n\t\t\t\t<div class=\"elementor-widget-container\">\n\t\t\t\t\t\t\t<div data-id=\"b101229\" data-element_type=\"widget\" data-widget_type=\"heading.default\"><div><p style=\"font-family: Platypi, sans-serif;\">Elektriautod<\/p><\/div><\/div>\t\t\t\t\t\t<\/div>\n\t\t\t\t<\/div>\n\t\t\t\t<div class=\"elementor-element elementor-element-d4b0236 elementor-widget elementor-widget-text-editor\" data-id=\"d4b0236\" data-element_type=\"widget\" data-widget_type=\"text-editor.default\">\n\t\t\t\t<div class=\"elementor-widget-container\">\n\t\t\t\t\t\t\t<div class=\"\">Igale parklakohale on loodud v\u00f5imalus autolaadija paigaldamiseks. Elektri ja side\u00fchenduskaablid on \u00fchendatud tehnoruumis asuva kilbiga. Autolaadijate elektriarvestus on korterip\u00f5hine.\u00a0\u00a0Laadija paigaldamise teostab korteriomanik.<\/div>\t\t\t\t\t\t<\/div>\n\t\t\t\t<\/div>\n\t\t\t\t<\/div>\n\t\t<div class=\"elementor-element elementor-element-ed82b4f e-con-full e-flex e-con e-child\" data-id=\"ed82b4f\" data-element_type=\"container\">\n\t\t\t\t<div class=\"elementor-element elementor-element-957ae75 elementor-widget elementor-widget-text-editor\" data-id=\"957ae75\" data-element_type=\"widget\" data-widget_type=\"text-editor.default\">\n\t\t\t\t<div class=\"elementor-widget-container\">\n\t\t\t\t\t\t\t<div data-id=\"b101229\" data-element_type=\"widget\" data-widget_type=\"heading.default\"><div><p style=\"font-family: Platypi, sans-serif;\">Turvalisus<\/p><\/div><\/div>\t\t\t\t\t\t<\/div>\n\t\t\t\t<\/div>\n\t\t\t\t<div class=\"elementor-element elementor-element-904155d elementor-widget elementor-widget-text-editor\" data-id=\"904155d\" data-element_type=\"widget\" data-widget_type=\"text-editor.default\">\n\t\t\t\t<div class=\"elementor-widget-container\">\n\t\t\t\t\t\t\t<p>Kinnistu on \u00fcmbritsetud puidust piirdeaiaga, hoov on valgustatud, paigaldatud on kaks videokaamerat, mis on suunatud parklale ja trepikodade v\u00e4lisustele. Videosalvestis s\u00e4ilib 30 p\u00e4eva jooksul.<\/p>\t\t\t\t\t\t<\/div>\n\t\t\t\t<\/div>\n\t\t\t\t<\/div>\n\t\t<div class=\"elementor-element elementor-element-61e7c0c e-con-full e-flex e-con e-child\" data-id=\"61e7c0c\" data-element_type=\"container\">\n\t\t\t\t<div class=\"elementor-element elementor-element-02062be elementor-widget elementor-widget-text-editor\" data-id=\"02062be\" data-element_type=\"widget\" data-widget_type=\"text-editor.default\">\n\t\t\t\t<div class=\"elementor-widget-container\">\n\t\t\t\t\t\t\t<div data-id=\"b101229\" data-element_type=\"widget\" data-widget_type=\"heading.default\"><p style=\"font-family: Platypi, sans-serif;\">Lapsed<\/p><\/div>\t\t\t\t\t\t<\/div>\n\t\t\t\t<\/div>\n\t\t\t\t<div class=\"elementor-element elementor-element-06e51ec elementor-widget elementor-widget-text-editor\" data-id=\"06e51ec\" data-element_type=\"widget\" data-widget_type=\"text-editor.default\">\n\t\t\t\t<div class=\"elementor-widget-container\">\n\t\t\t\t\t\t\t<p>Projekteeritud on lastem\u00e4nguv\u00e4ljak.<\/p>\t\t\t\t\t\t<\/div>\n\t\t\t\t<\/div>\n\t\t\t\t<\/div>\n\t\t\t\t\t<\/div>\n\t\t\t\t<\/div>\n\t\t<div class=\"elementor-element elementor-element-c615dc8 e-flex e-con-boxed e-con e-parent\" data-id=\"c615dc8\" data-element_type=\"container\" data-core-v316-plus=\"true\">\n\t\t\t\t\t<div class=\"e-con-inner\">\n\t\t<div class=\"elementor-element elementor-element-22b9b4b e-con-full e-flex e-con e-child\" data-id=\"22b9b4b\" data-element_type=\"container\">\n\t\t\t\t<div class=\"elementor-element elementor-element-3533add elementor-widget elementor-widget-text-editor\" data-id=\"3533add\" data-element_type=\"widget\" data-widget_type=\"text-editor.default\">\n\t\t\t\t<div class=\"elementor-widget-container\">\n\t\t\t\t\t\t\t<div data-id=\"b101229\" data-element_type=\"widget\" data-widget_type=\"heading.default\"><div><p style=\"font-family: Platypi, sans-serif;\">K\u00fcte ja ventilatsioon<\/p><\/div><\/div>\t\t\t\t\t\t<\/div>\n\t\t\t\t<\/div>\n\t\t\t\t<div class=\"elementor-element elementor-element-50df888 elementor-widget__width-initial elementor-widget elementor-widget-text-editor\" data-id=\"50df888\" data-element_type=\"widget\" data-widget_type=\"text-editor.default\">\n\t\t\t\t<div class=\"elementor-widget-container\">\n\t\t\t\t\t\t\t<div class=\"\">Korterite vesip\u00f5randak\u00fcte on ruumip\u00f5hine ja seda saab juhtida termo-regulaatoritest seina peal.&nbsp;<span style=\"color: var( --e-global-color-text ); text-align: var(--text-align);\">Ventilatsioon on korterip\u00f5hine. Igal kodul on soojustagastusega ventilatsiooniseade, mis on paigutatud esikukappi (kapp ei ole hinna sees), mis teeb regulaarse filtrite vahetuse mugavaks. Lisaks aitab selline lahendus v\u00e4hendada ventilatsioonim\u00fcra levikut. Soojustagastus aitab s\u00e4\u00e4sta energiat ja filtreeriv \u00f5huvahetus v\u00e4hendab tolmuosakeste hulka ruumis. K\u00f6\u00f6gikubude jaoks on paigaldatud korterip\u00f5hised eraldiseisvad v\u00e4ljat\u00f5mbekanalid.&nbsp;<\/span><\/div>\t\t\t\t\t\t<\/div>\n\t\t\t\t<\/div>\n\t\t\t\t<\/div>\n\t\t<div class=\"elementor-element elementor-element-2ec6f52 e-con-full e-flex e-con e-child\" data-id=\"2ec6f52\" data-element_type=\"container\">\n\t\t\t\t<\/div>\n\t\t\t\t\t<\/div>\n\t\t\t\t<\/div>\n\t\t<div class=\"elementor-element elementor-element-dc36cbb e-flex e-con-boxed e-con e-parent\" data-id=\"dc36cbb\" data-element_type=\"container\" data-core-v316-plus=\"true\">\n\t\t\t\t\t<div class=\"e-con-inner\">\n\t\t\t\t<div class=\"elementor-element elementor-element-ab3b64e elementor-widget elementor-widget-spacer\" data-id=\"ab3b64e\" data-element_type=\"widget\" data-widget_type=\"spacer.default\">\n\t\t\t\t<div class=\"elementor-widget-container\">\n\t\t\t\t\t<div class=\"elementor-spacer\">\n\t\t\t<div class=\"elementor-spacer-inner\"><\/div>\n\t\t<\/div>\n\t\t\t\t<\/div>\n\t\t\t\t<\/div>\n\t\t\t\t\t<\/div>\n\t\t\t\t<\/div>\n\t\t\t\t<\/div>\n\t\t","protected":false},"excerpt":{"rendered":"<p>Energiaklass Energiaklass A. Hoone katusele paigaldatud p\u00e4ikesejaam j\u00e4\u00e4b korteri\u00fchistu omandisse ja toodab elektrit k\u00f5igile korteriomanikele. P\u00e4ikesejaama nominaalv\u00f5imsus on 15 kWp, aastane toodang kuni 11632 kWh. Siseseinad Korterite vahelised kandeseinad on 240 mm betoonplokkidest, mis on t\u00e4is valatud betooni ja kahelt poolt krohvitud. Korterite siseseinad on metallkarkassil kahelt poolt erik\u00f5va kipsiga kaetud kipsplaatseinad, isolatsioonimaterjaliks kasutatud mineraalvill. [&hellip;]<\/p>\n","protected":false},"author":1,"featured_media":2001,"parent":0,"menu_order":0,"comment_status":"closed","ping_status":"closed","template":"elementor_header_footer","meta":{"_acf_changed":false,"inline_featured_image":false,"footnotes":""},"class_list":["post-2969","page","type-page","status-publish","has-post-thumbnail","hentry"],"acf":[],"yoast_head":"<!-- This site is optimized with the Yoast SEO plugin v22.3 - https:\/\/yoast.com\/wordpress\/plugins\/seo\/ -->\n<title>Uuskalamehe - P\u00e4rnu elu voolab j\u00f5e \u00e4\u00e4rde<\/title>\n<meta name=\"description\" content=\"Uuskalamehe kvartalis saavad kokku kaasaegne elukeskkond ja kogukondlik elustiil. Kohvikud, terviserajad ja j\u00f5e\u00e4\u00e4rne promenaad on \u00fcmber nurga.\" \/>\n<meta name=\"robots\" content=\"index, follow, max-snippet:-1, max-image-preview:large, max-video-preview:-1\" \/>\n<link rel=\"canonical\" href=\"https:\/\/lvm.ee\/uuskalamehe\/ehitus\/\" \/>\n<meta property=\"og:locale\" content=\"en_US\" \/>\n<meta property=\"og:type\" content=\"article\" \/>\n<meta property=\"og:title\" content=\"Uuskalamehe - P\u00e4rnu elu voolab j\u00f5e \u00e4\u00e4rde\" \/>\n<meta property=\"og:description\" content=\"Uuskalamehe kvartalis saavad kokku kaasaegne elukeskkond ja kogukondlik elustiil. Kohvikud, terviserajad ja j\u00f5e\u00e4\u00e4rne promenaad on \u00fcmber nurga.\" \/>\n<meta property=\"og:url\" content=\"https:\/\/lvm.ee\/uuskalamehe\/ehitus\/\" \/>\n<meta property=\"og:site_name\" content=\"Uuskalamehe\" \/>\n<meta property=\"article:modified_time\" content=\"2024-08-29T13:20:37+00:00\" \/>\n<meta name=\"twitter:card\" content=\"summary_large_image\" \/>\n<meta name=\"twitter:image\" content=\"https:\/\/lvm.ee\/uuskalamehe\/wp-content\/uploads\/2022\/10\/Uuskalamehe_logo_badge_pos_clr.svg\" \/>\n<meta name=\"twitter:label1\" content=\"Est. reading time\" \/>\n\t<meta name=\"twitter:data1\" content=\"2 minutes\" \/>\n<script type=\"application\/ld+json\" class=\"yoast-schema-graph\">{\"@context\":\"https:\/\/schema.org\",\"@graph\":[{\"@type\":\"WebPage\",\"@id\":\"https:\/\/lvm.ee\/uuskalamehe\/ehitus\/\",\"url\":\"https:\/\/lvm.ee\/uuskalamehe\/ehitus\/\",\"name\":\"Uuskalamehe - P\u00e4rnu elu voolab j\u00f5e \u00e4\u00e4rde\",\"isPartOf\":{\"@id\":\"https:\/\/lvm.ee\/uuskalamehe\/#website\"},\"primaryImageOfPage\":{\"@id\":\"https:\/\/lvm.ee\/uuskalamehe\/ehitus\/#primaryimage\"},\"image\":{\"@id\":\"https:\/\/lvm.ee\/uuskalamehe\/ehitus\/#primaryimage\"},\"thumbnailUrl\":\"https:\/\/lvm.ee\/uuskalamehe\/wp-content\/uploads\/2022\/10\/Uuskalamehe_logo_badge_pos_clr.svg\",\"datePublished\":\"2024-08-19T10:06:25+00:00\",\"dateModified\":\"2024-08-29T13:20:37+00:00\",\"description\":\"Uuskalamehe kvartalis saavad kokku kaasaegne elukeskkond ja kogukondlik elustiil. Kohvikud, terviserajad ja j\u00f5e\u00e4\u00e4rne promenaad on \u00fcmber nurga.\",\"breadcrumb\":{\"@id\":\"https:\/\/lvm.ee\/uuskalamehe\/ehitus\/#breadcrumb\"},\"inLanguage\":\"en\",\"potentialAction\":[{\"@type\":\"ReadAction\",\"target\":[\"https:\/\/lvm.ee\/uuskalamehe\/ehitus\/\"]}]},{\"@type\":\"ImageObject\",\"inLanguage\":\"en\",\"@id\":\"https:\/\/lvm.ee\/uuskalamehe\/ehitus\/#primaryimage\",\"url\":\"https:\/\/lvm.ee\/uuskalamehe\/wp-content\/uploads\/2022\/10\/Uuskalamehe_logo_badge_pos_clr.svg\",\"contentUrl\":\"https:\/\/lvm.ee\/uuskalamehe\/wp-content\/uploads\/2022\/10\/Uuskalamehe_logo_badge_pos_clr.svg\",\"width\":500,\"height\":500},{\"@type\":\"BreadcrumbList\",\"@id\":\"https:\/\/lvm.ee\/uuskalamehe\/ehitus\/#breadcrumb\",\"itemListElement\":[{\"@type\":\"ListItem\",\"position\":1,\"name\":\"Home\",\"item\":\"https:\/\/lvm.ee\/uuskalamehe\/\"},{\"@type\":\"ListItem\",\"position\":2,\"name\":\"Ehitus\"}]},{\"@type\":\"WebSite\",\"@id\":\"https:\/\/lvm.ee\/uuskalamehe\/#website\",\"url\":\"https:\/\/lvm.ee\/uuskalamehe\/\",\"name\":\"Uuskalamehe\",\"description\":\"Uusarendus P&auml;rnu j&otilde;e kaldal\",\"publisher\":{\"@id\":\"https:\/\/lvm.ee\/uuskalamehe\/#organization\"},\"potentialAction\":[{\"@type\":\"SearchAction\",\"target\":{\"@type\":\"EntryPoint\",\"urlTemplate\":\"https:\/\/lvm.ee\/uuskalamehe\/?s={search_term_string}\"},\"query-input\":\"required name=search_term_string\"}],\"inLanguage\":\"en\"},{\"@type\":\"Organization\",\"@id\":\"https:\/\/lvm.ee\/uuskalamehe\/#organization\",\"name\":\"Uuskalamehe\",\"url\":\"https:\/\/lvm.ee\/uuskalamehe\/\",\"logo\":{\"@type\":\"ImageObject\",\"inLanguage\":\"en\",\"@id\":\"https:\/\/lvm.ee\/uuskalamehe\/#\/schema\/logo\/image\/\",\"url\":\"https:\/\/lvm.ee\/uuskalamehe\/wp-content\/uploads\/2022\/08\/Uuskalamehe_logo_horiz_pos_black.svg\",\"contentUrl\":\"https:\/\/lvm.ee\/uuskalamehe\/wp-content\/uploads\/2022\/08\/Uuskalamehe_logo_horiz_pos_black.svg\",\"width\":500,\"height\":500,\"caption\":\"Uuskalamehe\"},\"image\":{\"@id\":\"https:\/\/lvm.ee\/uuskalamehe\/#\/schema\/logo\/image\/\"}}]}<\/script>\n<!-- \/ Yoast SEO plugin. -->","yoast_head_json":{"title":"Uuskalamehe - P\u00e4rnu elu voolab j\u00f5e \u00e4\u00e4rde","description":"Uuskalamehe kvartalis saavad kokku kaasaegne elukeskkond ja kogukondlik elustiil. Kohvikud, terviserajad ja j\u00f5e\u00e4\u00e4rne promenaad on \u00fcmber nurga.","robots":{"index":"index","follow":"follow","max-snippet":"max-snippet:-1","max-image-preview":"max-image-preview:large","max-video-preview":"max-video-preview:-1"},"canonical":"https:\/\/lvm.ee\/uuskalamehe\/ehitus\/","og_locale":"en_US","og_type":"article","og_title":"Uuskalamehe - P\u00e4rnu elu voolab j\u00f5e \u00e4\u00e4rde","og_description":"Uuskalamehe kvartalis saavad kokku kaasaegne elukeskkond ja kogukondlik elustiil. Kohvikud, terviserajad ja j\u00f5e\u00e4\u00e4rne promenaad on \u00fcmber nurga.","og_url":"https:\/\/lvm.ee\/uuskalamehe\/ehitus\/","og_site_name":"Uuskalamehe","article_modified_time":"2024-08-29T13:20:37+00:00","twitter_card":"summary_large_image","twitter_image":"https:\/\/lvm.ee\/uuskalamehe\/wp-content\/uploads\/2022\/10\/Uuskalamehe_logo_badge_pos_clr.svg","twitter_misc":{"Est. reading time":"2 minutes"},"schema":{"@context":"https:\/\/schema.org","@graph":[{"@type":"WebPage","@id":"https:\/\/lvm.ee\/uuskalamehe\/ehitus\/","url":"https:\/\/lvm.ee\/uuskalamehe\/ehitus\/","name":"Uuskalamehe - P\u00e4rnu elu voolab j\u00f5e \u00e4\u00e4rde","isPartOf":{"@id":"https:\/\/lvm.ee\/uuskalamehe\/#website"},"primaryImageOfPage":{"@id":"https:\/\/lvm.ee\/uuskalamehe\/ehitus\/#primaryimage"},"image":{"@id":"https:\/\/lvm.ee\/uuskalamehe\/ehitus\/#primaryimage"},"thumbnailUrl":"https:\/\/lvm.ee\/uuskalamehe\/wp-content\/uploads\/2022\/10\/Uuskalamehe_logo_badge_pos_clr.svg","datePublished":"2024-08-19T10:06:25+00:00","dateModified":"2024-08-29T13:20:37+00:00","description":"Uuskalamehe kvartalis saavad kokku kaasaegne elukeskkond ja kogukondlik elustiil. Kohvikud, terviserajad ja j\u00f5e\u00e4\u00e4rne promenaad on \u00fcmber nurga.","breadcrumb":{"@id":"https:\/\/lvm.ee\/uuskalamehe\/ehitus\/#breadcrumb"},"inLanguage":"en","potentialAction":[{"@type":"ReadAction","target":["https:\/\/lvm.ee\/uuskalamehe\/ehitus\/"]}]},{"@type":"ImageObject","inLanguage":"en","@id":"https:\/\/lvm.ee\/uuskalamehe\/ehitus\/#primaryimage","url":"https:\/\/lvm.ee\/uuskalamehe\/wp-content\/uploads\/2022\/10\/Uuskalamehe_logo_badge_pos_clr.svg","contentUrl":"https:\/\/lvm.ee\/uuskalamehe\/wp-content\/uploads\/2022\/10\/Uuskalamehe_logo_badge_pos_clr.svg","width":500,"height":500},{"@type":"BreadcrumbList","@id":"https:\/\/lvm.ee\/uuskalamehe\/ehitus\/#breadcrumb","itemListElement":[{"@type":"ListItem","position":1,"name":"Home","item":"https:\/\/lvm.ee\/uuskalamehe\/"},{"@type":"ListItem","position":2,"name":"Ehitus"}]},{"@type":"WebSite","@id":"https:\/\/lvm.ee\/uuskalamehe\/#website","url":"https:\/\/lvm.ee\/uuskalamehe\/","name":"Uuskalamehe","description":"Uusarendus P&auml;rnu j&otilde;e kaldal","publisher":{"@id":"https:\/\/lvm.ee\/uuskalamehe\/#organization"},"potentialAction":[{"@type":"SearchAction","target":{"@type":"EntryPoint","urlTemplate":"https:\/\/lvm.ee\/uuskalamehe\/?s={search_term_string}"},"query-input":"required name=search_term_string"}],"inLanguage":"en"},{"@type":"Organization","@id":"https:\/\/lvm.ee\/uuskalamehe\/#organization","name":"Uuskalamehe","url":"https:\/\/lvm.ee\/uuskalamehe\/","logo":{"@type":"ImageObject","inLanguage":"en","@id":"https:\/\/lvm.ee\/uuskalamehe\/#\/schema\/logo\/image\/","url":"https:\/\/lvm.ee\/uuskalamehe\/wp-content\/uploads\/2022\/08\/Uuskalamehe_logo_horiz_pos_black.svg","contentUrl":"https:\/\/lvm.ee\/uuskalamehe\/wp-content\/uploads\/2022\/08\/Uuskalamehe_logo_horiz_pos_black.svg","width":500,"height":500,"caption":"Uuskalamehe"},"image":{"@id":"https:\/\/lvm.ee\/uuskalamehe\/#\/schema\/logo\/image\/"}}]}},"_links":{"self":[{"href":"https:\/\/lvm.ee\/uuskalamehe\/wp-json\/wp\/v2\/pages\/2969","targetHints":{"allow":["GET"]}}],"collection":[{"href":"https:\/\/lvm.ee\/uuskalamehe\/wp-json\/wp\/v2\/pages"}],"about":[{"href":"https:\/\/lvm.ee\/uuskalamehe\/wp-json\/wp\/v2\/types\/page"}],"author":[{"embeddable":true,"href":"https:\/\/lvm.ee\/uuskalamehe\/wp-json\/wp\/v2\/users\/1"}],"replies":[{"embeddable":true,"href":"https:\/\/lvm.ee\/uuskalamehe\/wp-json\/wp\/v2\/comments?post=2969"}],"version-history":[{"count":40,"href":"https:\/\/lvm.ee\/uuskalamehe\/wp-json\/wp\/v2\/pages\/2969\/revisions"}],"predecessor-version":[{"id":3209,"href":"https:\/\/lvm.ee\/uuskalamehe\/wp-json\/wp\/v2\/pages\/2969\/revisions\/3209"}],"wp:featuredmedia":[{"embeddable":true,"href":"https:\/\/lvm.ee\/uuskalamehe\/wp-json\/wp\/v2\/media\/2001"}],"wp:attachment":[{"href":"https:\/\/lvm.ee\/uuskalamehe\/wp-json\/wp\/v2\/media?parent=2969"}],"curies":[{"name":"wp","href":"https:\/\/api.w.org\/{rel}","templated":true}]}}