{"id":6060,"date":"2025-10-28T16:38:30","date_gmt":"2025-10-28T13:38:30","guid":{"rendered":"https:\/\/lvm.ee\/villa2\/?page_id=6060"},"modified":"2025-10-28T17:08:29","modified_gmt":"2025-10-28T14:08:29","slug":"ehituskirjeldus","status":"publish","type":"page","link":"https:\/\/lvm.ee\/villa2\/ehituskirjeldus\/","title":{"rendered":"Ehituskirjeldus"},"content":{"rendered":"\t\t<div data-elementor-type=\"wp-page\" data-elementor-id=\"6060\" class=\"elementor elementor-6060\" data-elementor-post-type=\"page\">\n\t\t\t\t<div class=\"elementor-element elementor-element-565ba18 e-flex e-con-boxed e-con e-parent\" data-id=\"565ba18\" data-element_type=\"container\" data-core-v316-plus=\"true\">\n\t\t\t\t\t<div class=\"e-con-inner\">\n\t\t\t\t<div class=\"elementor-element elementor-element-a3cedcb elementor-widget elementor-widget-spacer\" data-id=\"a3cedcb\" data-element_type=\"widget\" data-widget_type=\"spacer.default\">\n\t\t\t\t<div class=\"elementor-widget-container\">\n\t\t\t<style>\/*! elementor - v3.20.0 - 20-03-2024 *\/\n.elementor-column .elementor-spacer-inner{height:var(--spacer-size)}.e-con{--container-widget-width:100%}.e-con-inner>.elementor-widget-spacer,.e-con>.elementor-widget-spacer{width:var(--container-widget-width,var(--spacer-size));--align-self:var(--container-widget-align-self,initial);--flex-shrink:0}.e-con-inner>.elementor-widget-spacer>.elementor-widget-container,.e-con>.elementor-widget-spacer>.elementor-widget-container{height:100%;width:100%}.e-con-inner>.elementor-widget-spacer>.elementor-widget-container>.elementor-spacer,.e-con>.elementor-widget-spacer>.elementor-widget-container>.elementor-spacer{height:100%}.e-con-inner>.elementor-widget-spacer>.elementor-widget-container>.elementor-spacer>.elementor-spacer-inner,.e-con>.elementor-widget-spacer>.elementor-widget-container>.elementor-spacer>.elementor-spacer-inner{height:var(--container-widget-height,var(--spacer-size))}.e-con-inner>.elementor-widget-spacer.elementor-widget-empty,.e-con>.elementor-widget-spacer.elementor-widget-empty{position:relative;min-height:22px;min-width:22px}.e-con-inner>.elementor-widget-spacer.elementor-widget-empty .elementor-widget-empty-icon,.e-con>.elementor-widget-spacer.elementor-widget-empty .elementor-widget-empty-icon{position:absolute;top:0;bottom:0;left:0;right:0;margin:auto;padding:0;width:22px;height:22px}<\/style>\t\t<div class=\"elementor-spacer\">\n\t\t\t<div class=\"elementor-spacer-inner\"><\/div>\n\t\t<\/div>\n\t\t\t\t<\/div>\n\t\t\t\t<\/div>\n\t\t\t\t<div class=\"elementor-element elementor-element-c8e5f72 elementor-widget elementor-widget-heading\" data-id=\"c8e5f72\" data-element_type=\"widget\" data-widget_type=\"heading.default\">\n\t\t\t\t<div class=\"elementor-widget-container\">\n\t\t\t<style>\/*! elementor - v3.20.0 - 20-03-2024 *\/\n.elementor-heading-title{padding:0;margin:0;line-height:1}.elementor-widget-heading .elementor-heading-title[class*=elementor-size-]>a{color:inherit;font-size:inherit;line-height:inherit}.elementor-widget-heading .elementor-heading-title.elementor-size-small{font-size:15px}.elementor-widget-heading .elementor-heading-title.elementor-size-medium{font-size:19px}.elementor-widget-heading .elementor-heading-title.elementor-size-large{font-size:29px}.elementor-widget-heading .elementor-heading-title.elementor-size-xl{font-size:39px}.elementor-widget-heading .elementor-heading-title.elementor-size-xxl{font-size:59px}<\/style><h2 class=\"elementor-heading-title elementor-size-default\">Ehituskirjeldus<\/h2>\t\t<\/div>\n\t\t\t\t<\/div>\n\t\t\t\t\t<\/div>\n\t\t\t\t<\/div>\n\t\t<div class=\"elementor-element elementor-element-6b09e6b e-con-full e-flex e-con e-parent\" data-id=\"6b09e6b\" data-element_type=\"container\" data-core-v316-plus=\"true\">\n\t\t\t\t<div class=\"elementor-element elementor-element-f222a2c elementor-widget__width-initial elementor-widget elementor-widget-text-editor\" data-id=\"f222a2c\" data-element_type=\"widget\" data-widget_type=\"text-editor.default\">\n\t\t\t\t<div class=\"elementor-widget-container\">\n\t\t\t<style>\/*! elementor - v3.20.0 - 20-03-2024 *\/\n.elementor-widget-text-editor.elementor-drop-cap-view-stacked .elementor-drop-cap{background-color:#69727d;color:#fff}.elementor-widget-text-editor.elementor-drop-cap-view-framed .elementor-drop-cap{color:#69727d;border:3px solid;background-color:transparent}.elementor-widget-text-editor:not(.elementor-drop-cap-view-default) .elementor-drop-cap{margin-top:8px}.elementor-widget-text-editor:not(.elementor-drop-cap-view-default) .elementor-drop-cap-letter{width:1em;height:1em}.elementor-widget-text-editor .elementor-drop-cap{float:left;text-align:center;line-height:1;font-size:50px}.elementor-widget-text-editor .elementor-drop-cap-letter{display:inline-block}<\/style>\t\t\t\t<p><b>Villa 2, P\u00e4rnu<\/b><\/p><p><b>Vundament:<\/b> lintvundament.<br \/><b>Kandvad v\u00e4lis- ja siseseinad:<\/b> t\u00e4isbetoneeritud \u00f5\u00f5nesbetoonplokk ja monoliitne betoon.<br \/><b>V\u00e4lisviimistlus:<\/b> fassaadiplaat ja vertikaalne puitlaudis.<br \/><b>Mittekandvad siseseinad: <\/b>teraskarkassil 2x kipsplaatseinad.<br \/><b>Vahelaed: <\/b>raudbetoonist \u00f5\u00f5nespaneel v\u00f5i monoliitbetoonist vahelagi.<br \/><b>Lagede k\u00f5rgus:<\/b> minimaalselt 2,7 m. Ripplagede k\u00f5rgus s\u00f5ltub kommunikatsioonidest, minimaalne k\u00f5rgus 2,3 m.<br \/><b>Aknad:<\/b> puitalumiiniumaknad, 3-kordse klaaspaketiga.<br \/><b>Katus:<\/b> lamekatus, kaetud heleda SBS-kattega.<br \/><b>R\u00f5dud ja terrassid:<\/b> puitlaudis, klaaspiirded.<br \/><b>K\u00fcte:<\/b> kaugk\u00fcte p\u00f5randasisese k\u00fcttetorustikuga; korterites ruumip\u00f5hiselt reguleeritav vesip\u00f5randak\u00fcte. \u00dcldkasutatavates ruumides ja trepikojas radiaatork\u00fcte.<br \/><b>Jahutus:<\/b> igas korteris korterip\u00f5hine jahutuss\u00fcsteem.<br \/><b>Lift: <\/b>hoones on lift.<br \/><b>Ventilatsioon:<\/b> energias\u00e4\u00e4stlik soojustagastusega sundventilatsioon korterip\u00f5hise ventilatsiooniseadmega, juhitav telefonirakendusest.<br \/><b>Vesi ja kanalisatsioon: <\/b>tsentraalne tarbevesi ja kanalisatsioon, kaugloetavad veearvestid.<br \/><b>Elekter ja n\u00f5rkvool: <\/b>elektripaigaldis ja andmesides\u00fcsteemide kaabeldus vastavalt korteri planeeringule. Kaugloetavad elektriarvestid. Andmeside edastus kuni korteri n\u00f5rkvoolukilbini optilise kaabliga, korteris sees CAT-kaabliga.<br \/><b>Elektriautolaadimine:<\/b> valmidus elektriautolaadija paigaldamiseks igal parkimiskohal.<br \/>Parkla ja k\u00f5nnitee katend: betoonist t\u00e4navakivi.<br \/><b>Energiat\u00f5husus: <\/b>A-energiaklass, katusel p\u00e4ikesepaneelid.<\/p>\t\t\t\t\t\t<\/div>\n\t\t\t\t<\/div>\n\t\t\t\t<\/div>\n\t\t<div class=\"elementor-element elementor-element-74d7605 e-flex e-con-boxed e-con e-parent\" data-id=\"74d7605\" data-element_type=\"container\" data-core-v316-plus=\"true\">\n\t\t\t\t\t<div class=\"e-con-inner\">\n\t\t<div class=\"elementor-element elementor-element-a91c62e e-con-full e-flex e-con e-child\" data-id=\"a91c62e\" data-element_type=\"container\">\n\t\t\t\t<div class=\"elementor-element elementor-element-45cfcec elementor-widget elementor-widget-spacer\" data-id=\"45cfcec\" data-element_type=\"widget\" data-widget_type=\"spacer.default\">\n\t\t\t\t<div class=\"elementor-widget-container\">\n\t\t\t\t\t<div class=\"elementor-spacer\">\n\t\t\t<div class=\"elementor-spacer-inner\"><\/div>\n\t\t<\/div>\n\t\t\t\t<\/div>\n\t\t\t\t<\/div>\n\t\t\t\t<div class=\"elementor-element elementor-element-fcb100e elementor-widget__width-initial elementor-widget elementor-widget-text-editor\" data-id=\"fcb100e\" data-element_type=\"widget\" data-widget_type=\"text-editor.default\">\n\t\t\t\t<div class=\"elementor-widget-container\">\n\t\t\t\t\t\t\t<p>MAAKLER<\/p>\t\t\t\t\t\t<\/div>\n\t\t\t\t<\/div>\n\t\t\t\t<div class=\"elementor-element elementor-element-e31facb elementor-widget__width-initial elementor-widget elementor-widget-text-editor\" data-id=\"e31facb\" data-element_type=\"widget\" data-widget_type=\"text-editor.default\">\n\t\t\t\t<div class=\"elementor-widget-container\">\n\t\t\t\t\t\t\t<p>Ingmar Saksing<\/p>\t\t\t\t\t\t<\/div>\n\t\t\t\t<\/div>\n\t\t\t\t<div class=\"elementor-element elementor-element-b864174 elementor-widget__width-initial elementor-widget elementor-widget-text-editor\" data-id=\"b864174\" data-element_type=\"widget\" data-widget_type=\"text-editor.default\">\n\t\t\t\t<div class=\"elementor-widget-container\">\n\t\t\t\t\t\t\t<p>+372 501 3320<\/p>\t\t\t\t\t\t<\/div>\n\t\t\t\t<\/div>\n\t\t\t\t<div class=\"elementor-element elementor-element-7be6844 elementor-widget__width-initial elementor-widget elementor-widget-text-editor\" data-id=\"7be6844\" data-element_type=\"widget\" data-widget_type=\"text-editor.default\">\n\t\t\t\t<div class=\"elementor-widget-container\">\n\t\t\t\t\t\t\t<p>ingmar.saksing@lvm.ee<\/p>\t\t\t\t\t\t<\/div>\n\t\t\t\t<\/div>\n\t\t\t\t<\/div>\n\t\t<div class=\"elementor-element elementor-element-70c0615 e-con-full elementor-hidden-mobile e-flex e-con e-child\" data-id=\"70c0615\" data-element_type=\"container\">\n\t\t\t\t<div class=\"elementor-element elementor-element-2d0ff5f elementor-widget elementor-widget-image\" data-id=\"2d0ff5f\" data-element_type=\"widget\" data-widget_type=\"image.default\">\n\t\t\t\t<div class=\"elementor-widget-container\">\n\t\t\t<style>\/*! elementor - v3.20.0 - 20-03-2024 *\/\n.elementor-widget-image{text-align:center}.elementor-widget-image a{display:inline-block}.elementor-widget-image a img[src$=\".svg\"]{width:48px}.elementor-widget-image img{vertical-align:middle;display:inline-block}<\/style>\t\t\t\t\t\t\t\t\t\t<img fetchpriority=\"high\" decoding=\"async\" width=\"800\" height=\"800\" src=\"https:\/\/lvm.ee\/villa2\/wp-content\/uploads\/2025\/10\/LVM-must.svg\" class=\"attachment-large size-large wp-image-6068\" alt=\"\" \/>\t\t\t\t\t\t\t\t\t\t\t\t\t<\/div>\n\t\t\t\t<\/div>\n\t\t\t\t<\/div>\n\t\t\t\t\t<\/div>\n\t\t\t\t<\/div>\n\t\t\t\t<\/div>\n\t\t","protected":false},"excerpt":{"rendered":"<p>Ehituskirjeldus Villa 2, P\u00e4rnu Vundament: lintvundament.Kandvad v\u00e4lis- ja siseseinad: t\u00e4isbetoneeritud \u00f5\u00f5nesbetoonplokk ja monoliitne betoon.V\u00e4lisviimistlus: fassaadiplaat ja vertikaalne puitlaudis.Mittekandvad siseseinad: teraskarkassil 2x kipsplaatseinad.Vahelaed: raudbetoonist \u00f5\u00f5nespaneel v\u00f5i monoliitbetoonist vahelagi.Lagede k\u00f5rgus: minimaalselt 2,7 m. Ripplagede k\u00f5rgus s\u00f5ltub kommunikatsioonidest, minimaalne k\u00f5rgus 2,3 m.Aknad: puitalumiiniumaknad, 3-kordse klaaspaketiga.Katus: lamekatus, kaetud heleda SBS-kattega.R\u00f5dud ja terrassid: puitlaudis, klaaspiirded.K\u00fcte: kaugk\u00fcte p\u00f5randasisese k\u00fcttetorustikuga; korterites ruumip\u00f5hiselt [&hellip;]<\/p>\n","protected":false},"author":1,"featured_media":5227,"parent":0,"menu_order":0,"comment_status":"closed","ping_status":"closed","template":"elementor_header_footer","meta":{"_acf_changed":false,"inline_featured_image":false,"footnotes":""},"class_list":["post-6060","page","type-page","status-publish","has-post-thumbnail","hentry"],"acf":[],"yoast_head":"<!-- This site is optimized with the Yoast SEO plugin v22.3 - https:\/\/yoast.com\/wordpress\/plugins\/seo\/ -->\n<title>Villa 2<\/title>\n<meta name=\"description\" content=\"P\u00e4rnu eksklusiivseim aadress! P\u00e4rnu valge liivaranna ja v\u00f5luvate puiesteede vahel seisab diskreetselt KAMP Arhitektide v\u00e4rske looming!\" \/>\n<meta name=\"robots\" content=\"index, follow, max-snippet:-1, max-image-preview:large, max-video-preview:-1\" \/>\n<link rel=\"canonical\" href=\"https:\/\/lvm.ee\/villa2\/ehituskirjeldus\/\" \/>\n<meta property=\"og:locale\" content=\"en_US\" \/>\n<meta property=\"og:type\" content=\"article\" \/>\n<meta property=\"og:title\" content=\"Villa 2\" \/>\n<meta property=\"og:description\" content=\"P\u00e4rnu eksklusiivseim aadress! P\u00e4rnu valge liivaranna ja v\u00f5luvate puiesteede vahel seisab diskreetselt KAMP Arhitektide v\u00e4rske looming!\" \/>\n<meta property=\"og:url\" content=\"https:\/\/lvm.ee\/villa2\/ehituskirjeldus\/\" \/>\n<meta property=\"og:site_name\" content=\"Villa 2\" \/>\n<meta property=\"article:modified_time\" content=\"2025-10-28T14:08:29+00:00\" \/>\n<meta property=\"og:image\" content=\"https:\/\/lvm.ee\/villa2\/wp-content\/uploads\/2025\/09\/Logo.png\" \/>\n\t<meta property=\"og:image:width\" content=\"512\" \/>\n\t<meta property=\"og:image:height\" content=\"512\" \/>\n\t<meta property=\"og:image:type\" content=\"image\/png\" \/>\n<meta name=\"twitter:card\" content=\"summary_large_image\" \/>\n<meta name=\"twitter:label1\" content=\"Est. reading time\" \/>\n\t<meta name=\"twitter:data1\" content=\"1 minute\" \/>\n<script type=\"application\/ld+json\" class=\"yoast-schema-graph\">{\"@context\":\"https:\/\/schema.org\",\"@graph\":[{\"@type\":\"WebPage\",\"@id\":\"https:\/\/lvm.ee\/villa2\/ehituskirjeldus\/\",\"url\":\"https:\/\/lvm.ee\/villa2\/ehituskirjeldus\/\",\"name\":\"Villa 2\",\"isPartOf\":{\"@id\":\"https:\/\/lvm.ee\/villa2\/#website\"},\"primaryImageOfPage\":{\"@id\":\"https:\/\/lvm.ee\/villa2\/ehituskirjeldus\/#primaryimage\"},\"image\":{\"@id\":\"https:\/\/lvm.ee\/villa2\/ehituskirjeldus\/#primaryimage\"},\"thumbnailUrl\":\"https:\/\/lvm.ee\/villa2\/wp-content\/uploads\/2025\/09\/Logo.png\",\"datePublished\":\"2025-10-28T13:38:30+00:00\",\"dateModified\":\"2025-10-28T14:08:29+00:00\",\"description\":\"P\u00e4rnu eksklusiivseim aadress! P\u00e4rnu valge liivaranna ja v\u00f5luvate puiesteede vahel seisab diskreetselt KAMP Arhitektide v\u00e4rske looming!\",\"breadcrumb\":{\"@id\":\"https:\/\/lvm.ee\/villa2\/ehituskirjeldus\/#breadcrumb\"},\"inLanguage\":\"en\",\"potentialAction\":[{\"@type\":\"ReadAction\",\"target\":[\"https:\/\/lvm.ee\/villa2\/ehituskirjeldus\/\"]}]},{\"@type\":\"ImageObject\",\"inLanguage\":\"en\",\"@id\":\"https:\/\/lvm.ee\/villa2\/ehituskirjeldus\/#primaryimage\",\"url\":\"https:\/\/lvm.ee\/villa2\/wp-content\/uploads\/2025\/09\/Logo.png\",\"contentUrl\":\"https:\/\/lvm.ee\/villa2\/wp-content\/uploads\/2025\/09\/Logo.png\",\"width\":512,\"height\":512},{\"@type\":\"BreadcrumbList\",\"@id\":\"https:\/\/lvm.ee\/villa2\/ehituskirjeldus\/#breadcrumb\",\"itemListElement\":[{\"@type\":\"ListItem\",\"position\":1,\"name\":\"Home\",\"item\":\"https:\/\/lvm.ee\/villa2\/\"},{\"@type\":\"ListItem\",\"position\":2,\"name\":\"Ehituskirjeldus\"}]},{\"@type\":\"WebSite\",\"@id\":\"https:\/\/lvm.ee\/villa2\/#website\",\"url\":\"https:\/\/lvm.ee\/villa2\/\",\"name\":\"Villa 2\",\"description\":\"P&auml;rnu eksklusiivseim aadress!\",\"publisher\":{\"@id\":\"https:\/\/lvm.ee\/villa2\/#organization\"},\"potentialAction\":[{\"@type\":\"SearchAction\",\"target\":{\"@type\":\"EntryPoint\",\"urlTemplate\":\"https:\/\/lvm.ee\/villa2\/?s={search_term_string}\"},\"query-input\":\"required name=search_term_string\"}],\"inLanguage\":\"en\"},{\"@type\":\"Organization\",\"@id\":\"https:\/\/lvm.ee\/villa2\/#organization\",\"name\":\"Villa 2\",\"url\":\"https:\/\/lvm.ee\/villa2\/\",\"logo\":{\"@type\":\"ImageObject\",\"inLanguage\":\"en\",\"@id\":\"https:\/\/lvm.ee\/villa2\/#\/schema\/logo\/image\/\",\"url\":\"https:\/\/lvm.ee\/villa2\/wp-content\/uploads\/2022\/08\/Villa-valge-scaled.png\",\"contentUrl\":\"https:\/\/lvm.ee\/villa2\/wp-content\/uploads\/2022\/08\/Villa-valge-scaled.png\",\"width\":2560,\"height\":2560,\"caption\":\"Villa 2\"},\"image\":{\"@id\":\"https:\/\/lvm.ee\/villa2\/#\/schema\/logo\/image\/\"}}]}<\/script>\n<!-- \/ Yoast SEO plugin. -->","yoast_head_json":{"title":"Villa 2","description":"P\u00e4rnu eksklusiivseim aadress! P\u00e4rnu valge liivaranna ja v\u00f5luvate puiesteede vahel seisab diskreetselt KAMP Arhitektide v\u00e4rske looming!","robots":{"index":"index","follow":"follow","max-snippet":"max-snippet:-1","max-image-preview":"max-image-preview:large","max-video-preview":"max-video-preview:-1"},"canonical":"https:\/\/lvm.ee\/villa2\/ehituskirjeldus\/","og_locale":"en_US","og_type":"article","og_title":"Villa 2","og_description":"P\u00e4rnu eksklusiivseim aadress! P\u00e4rnu valge liivaranna ja v\u00f5luvate puiesteede vahel seisab diskreetselt KAMP Arhitektide v\u00e4rske looming!","og_url":"https:\/\/lvm.ee\/villa2\/ehituskirjeldus\/","og_site_name":"Villa 2","article_modified_time":"2025-10-28T14:08:29+00:00","og_image":[{"width":512,"height":512,"url":"https:\/\/lvm.ee\/villa2\/wp-content\/uploads\/2025\/09\/Logo.png","type":"image\/png"}],"twitter_card":"summary_large_image","twitter_misc":{"Est. reading time":"1 minute"},"schema":{"@context":"https:\/\/schema.org","@graph":[{"@type":"WebPage","@id":"https:\/\/lvm.ee\/villa2\/ehituskirjeldus\/","url":"https:\/\/lvm.ee\/villa2\/ehituskirjeldus\/","name":"Villa 2","isPartOf":{"@id":"https:\/\/lvm.ee\/villa2\/#website"},"primaryImageOfPage":{"@id":"https:\/\/lvm.ee\/villa2\/ehituskirjeldus\/#primaryimage"},"image":{"@id":"https:\/\/lvm.ee\/villa2\/ehituskirjeldus\/#primaryimage"},"thumbnailUrl":"https:\/\/lvm.ee\/villa2\/wp-content\/uploads\/2025\/09\/Logo.png","datePublished":"2025-10-28T13:38:30+00:00","dateModified":"2025-10-28T14:08:29+00:00","description":"P\u00e4rnu eksklusiivseim aadress! P\u00e4rnu valge liivaranna ja v\u00f5luvate puiesteede vahel seisab diskreetselt KAMP Arhitektide v\u00e4rske looming!","breadcrumb":{"@id":"https:\/\/lvm.ee\/villa2\/ehituskirjeldus\/#breadcrumb"},"inLanguage":"en","potentialAction":[{"@type":"ReadAction","target":["https:\/\/lvm.ee\/villa2\/ehituskirjeldus\/"]}]},{"@type":"ImageObject","inLanguage":"en","@id":"https:\/\/lvm.ee\/villa2\/ehituskirjeldus\/#primaryimage","url":"https:\/\/lvm.ee\/villa2\/wp-content\/uploads\/2025\/09\/Logo.png","contentUrl":"https:\/\/lvm.ee\/villa2\/wp-content\/uploads\/2025\/09\/Logo.png","width":512,"height":512},{"@type":"BreadcrumbList","@id":"https:\/\/lvm.ee\/villa2\/ehituskirjeldus\/#breadcrumb","itemListElement":[{"@type":"ListItem","position":1,"name":"Home","item":"https:\/\/lvm.ee\/villa2\/"},{"@type":"ListItem","position":2,"name":"Ehituskirjeldus"}]},{"@type":"WebSite","@id":"https:\/\/lvm.ee\/villa2\/#website","url":"https:\/\/lvm.ee\/villa2\/","name":"Villa 2","description":"P&auml;rnu eksklusiivseim aadress!","publisher":{"@id":"https:\/\/lvm.ee\/villa2\/#organization"},"potentialAction":[{"@type":"SearchAction","target":{"@type":"EntryPoint","urlTemplate":"https:\/\/lvm.ee\/villa2\/?s={search_term_string}"},"query-input":"required name=search_term_string"}],"inLanguage":"en"},{"@type":"Organization","@id":"https:\/\/lvm.ee\/villa2\/#organization","name":"Villa 2","url":"https:\/\/lvm.ee\/villa2\/","logo":{"@type":"ImageObject","inLanguage":"en","@id":"https:\/\/lvm.ee\/villa2\/#\/schema\/logo\/image\/","url":"https:\/\/lvm.ee\/villa2\/wp-content\/uploads\/2022\/08\/Villa-valge-scaled.png","contentUrl":"https:\/\/lvm.ee\/villa2\/wp-content\/uploads\/2022\/08\/Villa-valge-scaled.png","width":2560,"height":2560,"caption":"Villa 2"},"image":{"@id":"https:\/\/lvm.ee\/villa2\/#\/schema\/logo\/image\/"}}]}},"_links":{"self":[{"href":"https:\/\/lvm.ee\/villa2\/wp-json\/wp\/v2\/pages\/6060","targetHints":{"allow":["GET"]}}],"collection":[{"href":"https:\/\/lvm.ee\/villa2\/wp-json\/wp\/v2\/pages"}],"about":[{"href":"https:\/\/lvm.ee\/villa2\/wp-json\/wp\/v2\/types\/page"}],"author":[{"embeddable":true,"href":"https:\/\/lvm.ee\/villa2\/wp-json\/wp\/v2\/users\/1"}],"replies":[{"embeddable":true,"href":"https:\/\/lvm.ee\/villa2\/wp-json\/wp\/v2\/comments?post=6060"}],"version-history":[{"count":31,"href":"https:\/\/lvm.ee\/villa2\/wp-json\/wp\/v2\/pages\/6060\/revisions"}],"predecessor-version":[{"id":6133,"href":"https:\/\/lvm.ee\/villa2\/wp-json\/wp\/v2\/pages\/6060\/revisions\/6133"}],"wp:featuredmedia":[{"embeddable":true,"href":"https:\/\/lvm.ee\/villa2\/wp-json\/wp\/v2\/media\/5227"}],"wp:attachment":[{"href":"https:\/\/lvm.ee\/villa2\/wp-json\/wp\/v2\/media?parent=6060"}],"curies":[{"name":"wp","href":"https:\/\/api.w.org\/{rel}","templated":true}]}}