{"id":6154,"date":"2025-12-30T14:47:25","date_gmt":"2025-12-30T11:47:25","guid":{"rendered":"https:\/\/lvm.ee\/villa2\/?page_id=6154"},"modified":"2025-12-30T14:47:25","modified_gmt":"2025-12-30T11:47:25","slug":"muugiinfo","status":"publish","type":"page","link":"https:\/\/lvm.ee\/villa2\/muugiinfo\/","title":{"rendered":"M\u00fc\u00fcgiinfo"},"content":{"rendered":"\t\t<div data-elementor-type=\"wp-page\" data-elementor-id=\"6154\" class=\"elementor elementor-6154\" data-elementor-post-type=\"page\">\n\t\t\t\t<div class=\"elementor-element elementor-element-565ba18 e-flex e-con-boxed e-con e-parent\" data-id=\"565ba18\" data-element_type=\"container\" data-core-v316-plus=\"true\">\n\t\t\t\t\t<div class=\"e-con-inner\">\n\t\t\t\t<div class=\"elementor-element elementor-element-a3cedcb elementor-widget elementor-widget-spacer\" data-id=\"a3cedcb\" data-element_type=\"widget\" data-widget_type=\"spacer.default\">\n\t\t\t\t<div class=\"elementor-widget-container\">\n\t\t\t<style>\/*! elementor - v3.20.0 - 20-03-2024 *\/\n.elementor-column .elementor-spacer-inner{height:var(--spacer-size)}.e-con{--container-widget-width:100%}.e-con-inner>.elementor-widget-spacer,.e-con>.elementor-widget-spacer{width:var(--container-widget-width,var(--spacer-size));--align-self:var(--container-widget-align-self,initial);--flex-shrink:0}.e-con-inner>.elementor-widget-spacer>.elementor-widget-container,.e-con>.elementor-widget-spacer>.elementor-widget-container{height:100%;width:100%}.e-con-inner>.elementor-widget-spacer>.elementor-widget-container>.elementor-spacer,.e-con>.elementor-widget-spacer>.elementor-widget-container>.elementor-spacer{height:100%}.e-con-inner>.elementor-widget-spacer>.elementor-widget-container>.elementor-spacer>.elementor-spacer-inner,.e-con>.elementor-widget-spacer>.elementor-widget-container>.elementor-spacer>.elementor-spacer-inner{height:var(--container-widget-height,var(--spacer-size))}.e-con-inner>.elementor-widget-spacer.elementor-widget-empty,.e-con>.elementor-widget-spacer.elementor-widget-empty{position:relative;min-height:22px;min-width:22px}.e-con-inner>.elementor-widget-spacer.elementor-widget-empty .elementor-widget-empty-icon,.e-con>.elementor-widget-spacer.elementor-widget-empty .elementor-widget-empty-icon{position:absolute;top:0;bottom:0;left:0;right:0;margin:auto;padding:0;width:22px;height:22px}<\/style>\t\t<div class=\"elementor-spacer\">\n\t\t\t<div class=\"elementor-spacer-inner\"><\/div>\n\t\t<\/div>\n\t\t\t\t<\/div>\n\t\t\t\t<\/div>\n\t\t\t\t<div class=\"elementor-element elementor-element-c8e5f72 elementor-widget elementor-widget-heading\" data-id=\"c8e5f72\" data-element_type=\"widget\" data-widget_type=\"heading.default\">\n\t\t\t\t<div class=\"elementor-widget-container\">\n\t\t\t<style>\/*! elementor - v3.20.0 - 20-03-2024 *\/\n.elementor-heading-title{padding:0;margin:0;line-height:1}.elementor-widget-heading .elementor-heading-title[class*=elementor-size-]>a{color:inherit;font-size:inherit;line-height:inherit}.elementor-widget-heading .elementor-heading-title.elementor-size-small{font-size:15px}.elementor-widget-heading .elementor-heading-title.elementor-size-medium{font-size:19px}.elementor-widget-heading .elementor-heading-title.elementor-size-large{font-size:29px}.elementor-widget-heading .elementor-heading-title.elementor-size-xl{font-size:39px}.elementor-widget-heading .elementor-heading-title.elementor-size-xxl{font-size:59px}<\/style><h2 class=\"elementor-heading-title elementor-size-default\">M\u00fc\u00fcgiinfo<\/h2>\t\t<\/div>\n\t\t\t\t<\/div>\n\t\t\t\t<div class=\"elementor-element elementor-element-6846788 elementor-widget elementor-widget-spacer\" data-id=\"6846788\" data-element_type=\"widget\" data-widget_type=\"spacer.default\">\n\t\t\t\t<div class=\"elementor-widget-container\">\n\t\t\t\t\t<div class=\"elementor-spacer\">\n\t\t\t<div class=\"elementor-spacer-inner\"><\/div>\n\t\t<\/div>\n\t\t\t\t<\/div>\n\t\t\t\t<\/div>\n\t\t\t\t\t<\/div>\n\t\t\t\t<\/div>\n\t\t<div class=\"elementor-element elementor-element-acbeb57 e-flex e-con-boxed e-con e-parent\" data-id=\"acbeb57\" data-element_type=\"container\" data-core-v316-plus=\"true\">\n\t\t\t\t\t<div class=\"e-con-inner\">\n\t\t<div class=\"elementor-element elementor-element-5504792 e-con-full e-flex e-con e-child\" data-id=\"5504792\" data-element_type=\"container\">\n\t\t\t\t<div class=\"elementor-element elementor-element-965536f elementor-widget elementor-widget-text-editor\" data-id=\"965536f\" data-element_type=\"widget\" data-widget_type=\"text-editor.default\">\n\t\t\t\t<div class=\"elementor-widget-container\">\n\t\t\t<style>\/*! elementor - v3.20.0 - 20-03-2024 *\/\n.elementor-widget-text-editor.elementor-drop-cap-view-stacked .elementor-drop-cap{background-color:#69727d;color:#fff}.elementor-widget-text-editor.elementor-drop-cap-view-framed .elementor-drop-cap{color:#69727d;border:3px solid;background-color:transparent}.elementor-widget-text-editor:not(.elementor-drop-cap-view-default) .elementor-drop-cap{margin-top:8px}.elementor-widget-text-editor:not(.elementor-drop-cap-view-default) .elementor-drop-cap-letter{width:1em;height:1em}.elementor-widget-text-editor .elementor-drop-cap{float:left;text-align:center;line-height:1;font-size:50px}.elementor-widget-text-editor .elementor-drop-cap-letter{display:inline-block}<\/style>\t\t\t\t<div class=\"elementor-element elementor-element-d703953 e-con-full e-flex e-con e-child\" data-id=\"d703953\" data-element_type=\"container\"><div class=\"elementor-element elementor-element-f9b429a elementor-widget elementor-widget-text-editor\" data-id=\"f9b429a\" data-element_type=\"widget\" data-widget_type=\"text-editor.default\"><div class=\"elementor-widget-container\"><div data-id=\"b101229\" data-element_type=\"widget\" data-widget_type=\"heading.default\"><div><p><b>Broneerimisleping<\/b><\/p><p>Korteri broneerimisel s\u00f5lmitakse Ostjaga broneerimisleping. Ostja tasub M\u00fc\u00fcjale oma ostusoovi kinnitamiseks 3 000 \u20ac suuruse broneerimistasu.<\/p><\/div><\/div><\/div><\/div><\/div><div class=\"elementor-element elementor-element-741a40f e-con-full e-flex e-con e-child\" data-id=\"741a40f\" data-element_type=\"container\"><div class=\"elementor-element elementor-element-9270bd8 elementor-widget__width-initial elementor-widget elementor-widget-text-editor\" data-id=\"9270bd8\" data-element_type=\"widget\" data-widget_type=\"text-editor.default\"><div class=\"elementor-widget-container\"><div class=\"elementor-element elementor-element-b101229 elementor-widget elementor-widget-heading\" data-id=\"b101229\" data-element_type=\"widget\" data-widget_type=\"heading.default\"><div class=\"elementor-widget-container\"><b>V\u00f5la\u00f5iguslik m\u00fc\u00fcgileping<\/b><\/div><\/div><\/div><\/div><\/div><div class=\"elementor-element elementor-element-a5d86a3 e-con-full e-flex e-con e-child\" data-id=\"a5d86a3\" data-element_type=\"container\"><div class=\"elementor-element elementor-element-f0a088e elementor-widget elementor-widget-text-editor\" data-id=\"f0a088e\" data-element_type=\"widget\" data-widget_type=\"text-editor.default\"><div class=\"elementor-widget-container\"><p>Ehitusj\u00e4rgus korterelamu Ostjaga s\u00f5lmitakse notariaalne v\u00f5la\u00f5iguslik m\u00fc\u00fcgileping, kus fikseeritakse kokku k\u00f5ik tehingu detailid. V\u00f5la\u00f5igusliku m\u00fc\u00fcgilepingu s\u00f5lmimisel tasutakse 10% Lepingu eseme M\u00fc\u00fcgihinnast.<\/p><\/div><\/div><\/div><div class=\"elementor-element elementor-element-de6f4de e-con-full e-flex e-con e-child\" data-id=\"de6f4de\" data-element_type=\"container\"><div class=\"elementor-element elementor-element-57ca7f4 elementor-widget elementor-widget-text-editor\" data-id=\"57ca7f4\" data-element_type=\"widget\" data-widget_type=\"text-editor.default\"><div class=\"elementor-widget-container\"><div class=\"elementor-element elementor-element-b101229 elementor-widget elementor-widget-heading\" data-id=\"b101229\" data-element_type=\"widget\" data-widget_type=\"heading.default\"><div class=\"elementor-widget-container\"><div class=\"elementor-element elementor-element-0301ec5 elementor-widget elementor-widget-heading\" data-id=\"0301ec5\" data-element_type=\"widget\" data-widget_type=\"heading.default\"><div class=\"elementor-widget-container\"><b>Asja\u00f5igusleping<\/b><\/div><\/div><\/div><\/div><\/div><\/div><div class=\"elementor-element elementor-element-1417ef8 elementor-widget elementor-widget-text-editor\" data-id=\"1417ef8\" data-element_type=\"widget\" data-widget_type=\"text-editor.default\"><div class=\"elementor-widget-container\"><p>Korterelamu valmimise ja ehitust\u00f6\u00f6de Ostja poolse \u00fclevaatuse j\u00e4rgselt s\u00f5lmitakse notariaalne asja\u00f5iguslik ostu-m\u00fc\u00fcgileping. Ostja tasub \u00fclej\u00e4\u00e4nud 90% Lepingu eseme M\u00fc\u00fcgihinnast ning toimub Lepingu eseme omandi\u00f5iguse \u00fcleminek (Kinnistusregistris tehakse m\u00e4rge omaniku muutuse kohta).<\/p><\/div><\/div><\/div>\t\t\t\t\t\t<\/div>\n\t\t\t\t<\/div>\n\t\t\t\t<\/div>\n\t\t<div class=\"elementor-element elementor-element-a31ff4b e-con-full e-flex e-con e-child\" data-id=\"a31ff4b\" data-element_type=\"container\">\n\t\t\t\t<div class=\"elementor-element elementor-element-183c02b elementor-widget elementor-widget-text-editor\" data-id=\"183c02b\" data-element_type=\"widget\" data-widget_type=\"text-editor.default\">\n\t\t\t\t<div class=\"elementor-widget-container\">\n\t\t\t\t\t\t\t<div class=\"elementor-element elementor-element-5bf1fc2 elementor-widget elementor-widget-text-editor\" data-id=\"5bf1fc2\" data-element_type=\"widget\" data-widget_type=\"text-editor.default\"><div class=\"elementor-widget-container\"><strong>Korteri m\u00fc\u00fcgihinnas sisaldub:<\/strong><\/div><\/div><div class=\"elementor-element elementor-element-fa01d99 elementor-widget__width-initial elementor-widget elementor-widget-text-editor\" data-id=\"fa01d99\" data-element_type=\"widget\" data-widget_type=\"text-editor.default\"><div class=\"elementor-widget-container\"><ul><li>Korteri siseviimistlus vastavalt valitud siseviimistluspaketile<\/li><li>Tehnov\u00f5rkude rajamise ja liitumise tasud (elekter, vesi, kanalisatsioon, ventilatsioon)<\/li><li>Valmidus side-, valve- ja kaabeltelevisiooni teenusega liitumiseks<\/li><\/ul><\/div><\/div><div class=\"elementor-element elementor-element-5f7c327 elementor-widget elementor-widget-text-editor\" data-id=\"5f7c327\" data-element_type=\"widget\" data-widget_type=\"text-editor.default\"><div class=\"elementor-widget-container\"><strong>\u00a0<\/strong><\/div><div class=\"elementor-widget-container\"><strong>Korteri m\u00fc\u00fcgihinnas ei sisaldu:<\/strong><\/div><\/div><div class=\"elementor-element elementor-element-87146c1 elementor-widget__width-initial elementor-widget elementor-widget-text-editor\" data-id=\"87146c1\" data-element_type=\"widget\" data-widget_type=\"text-editor.default\"><div class=\"elementor-widget-container\"><ul><li>Tasud side-, valve- ja kaabeltelevisiooni teenusega liitumiseks<\/li><li>Lepingute s\u00f5lmimisega seotud notaritasud ja riigil\u00f5iv<\/li><\/ul><\/div><\/div>\t\t\t\t\t\t<\/div>\n\t\t\t\t<\/div>\n\t\t\t\t<\/div>\n\t\t\t\t\t<\/div>\n\t\t\t\t<\/div>\n\t\t<div class=\"elementor-element elementor-element-74d7605 e-flex e-con-boxed e-con e-parent\" data-id=\"74d7605\" data-element_type=\"container\" data-core-v316-plus=\"true\">\n\t\t\t\t\t<div class=\"e-con-inner\">\n\t\t<div class=\"elementor-element elementor-element-a91c62e e-con-full e-flex e-con e-child\" data-id=\"a91c62e\" data-element_type=\"container\">\n\t\t\t\t<div class=\"elementor-element elementor-element-45cfcec elementor-widget elementor-widget-spacer\" data-id=\"45cfcec\" data-element_type=\"widget\" data-widget_type=\"spacer.default\">\n\t\t\t\t<div class=\"elementor-widget-container\">\n\t\t\t\t\t<div class=\"elementor-spacer\">\n\t\t\t<div class=\"elementor-spacer-inner\"><\/div>\n\t\t<\/div>\n\t\t\t\t<\/div>\n\t\t\t\t<\/div>\n\t\t\t\t<div class=\"elementor-element elementor-element-fcb100e elementor-widget__width-initial elementor-widget elementor-widget-text-editor\" data-id=\"fcb100e\" data-element_type=\"widget\" data-widget_type=\"text-editor.default\">\n\t\t\t\t<div class=\"elementor-widget-container\">\n\t\t\t\t\t\t\t<p>MAAKLER<\/p>\t\t\t\t\t\t<\/div>\n\t\t\t\t<\/div>\n\t\t\t\t<div class=\"elementor-element elementor-element-e31facb elementor-widget__width-initial elementor-widget elementor-widget-text-editor\" data-id=\"e31facb\" data-element_type=\"widget\" data-widget_type=\"text-editor.default\">\n\t\t\t\t<div class=\"elementor-widget-container\">\n\t\t\t\t\t\t\t<p>Ingmar Saksing<\/p>\t\t\t\t\t\t<\/div>\n\t\t\t\t<\/div>\n\t\t\t\t<div class=\"elementor-element elementor-element-b864174 elementor-widget__width-initial elementor-widget elementor-widget-text-editor\" data-id=\"b864174\" data-element_type=\"widget\" data-widget_type=\"text-editor.default\">\n\t\t\t\t<div class=\"elementor-widget-container\">\n\t\t\t\t\t\t\t<p>+372 501 3320<\/p>\t\t\t\t\t\t<\/div>\n\t\t\t\t<\/div>\n\t\t\t\t<div class=\"elementor-element elementor-element-7be6844 elementor-widget__width-initial elementor-widget elementor-widget-text-editor\" data-id=\"7be6844\" data-element_type=\"widget\" data-widget_type=\"text-editor.default\">\n\t\t\t\t<div class=\"elementor-widget-container\">\n\t\t\t\t\t\t\t<p>ingmar.saksing@lvm.ee<\/p>\t\t\t\t\t\t<\/div>\n\t\t\t\t<\/div>\n\t\t\t\t<\/div>\n\t\t<div class=\"elementor-element elementor-element-70c0615 e-con-full elementor-hidden-mobile e-flex e-con e-child\" data-id=\"70c0615\" data-element_type=\"container\">\n\t\t\t\t<div class=\"elementor-element elementor-element-2d0ff5f elementor-widget elementor-widget-image\" data-id=\"2d0ff5f\" data-element_type=\"widget\" data-widget_type=\"image.default\">\n\t\t\t\t<div class=\"elementor-widget-container\">\n\t\t\t<style>\/*! elementor - v3.20.0 - 20-03-2024 *\/\n.elementor-widget-image{text-align:center}.elementor-widget-image a{display:inline-block}.elementor-widget-image a img[src$=\".svg\"]{width:48px}.elementor-widget-image img{vertical-align:middle;display:inline-block}<\/style>\t\t\t\t\t\t\t\t\t\t<img fetchpriority=\"high\" decoding=\"async\" width=\"800\" height=\"800\" src=\"https:\/\/lvm.ee\/villa2\/wp-content\/uploads\/2025\/10\/LVM-must.svg\" class=\"attachment-large size-large wp-image-6068\" alt=\"\" \/>\t\t\t\t\t\t\t\t\t\t\t\t\t<\/div>\n\t\t\t\t<\/div>\n\t\t\t\t<\/div>\n\t\t\t\t\t<\/div>\n\t\t\t\t<\/div>\n\t\t\t\t<\/div>\n\t\t","protected":false},"excerpt":{"rendered":"<p>M\u00fc\u00fcgiinfo Broneerimisleping Korteri broneerimisel s\u00f5lmitakse Ostjaga broneerimisleping. Ostja tasub M\u00fc\u00fcjale oma ostusoovi kinnitamiseks 3 000 \u20ac suuruse broneerimistasu. V\u00f5la\u00f5iguslik m\u00fc\u00fcgileping Ehitusj\u00e4rgus korterelamu Ostjaga s\u00f5lmitakse notariaalne v\u00f5la\u00f5iguslik m\u00fc\u00fcgileping, kus fikseeritakse kokku k\u00f5ik tehingu detailid. V\u00f5la\u00f5igusliku m\u00fc\u00fcgilepingu s\u00f5lmimisel tasutakse 10% Lepingu eseme M\u00fc\u00fcgihinnast. Asja\u00f5igusleping Korterelamu valmimise ja ehitust\u00f6\u00f6de Ostja poolse \u00fclevaatuse j\u00e4rgselt s\u00f5lmitakse notariaalne asja\u00f5iguslik ostu-m\u00fc\u00fcgileping. Ostja [&hellip;]<\/p>\n","protected":false},"author":1,"featured_media":5227,"parent":0,"menu_order":0,"comment_status":"closed","ping_status":"closed","template":"elementor_header_footer","meta":{"_acf_changed":false,"inline_featured_image":false,"footnotes":""},"class_list":["post-6154","page","type-page","status-publish","has-post-thumbnail","hentry"],"acf":[],"yoast_head":"<!-- This site is optimized with the Yoast SEO plugin v22.3 - https:\/\/yoast.com\/wordpress\/plugins\/seo\/ -->\n<title>Villa 2<\/title>\n<meta name=\"description\" content=\"P\u00e4rnu eksklusiivseim aadress! P\u00e4rnu valge liivaranna ja v\u00f5luvate puiesteede vahel seisab diskreetselt KAMP Arhitektide v\u00e4rske looming!\" \/>\n<meta name=\"robots\" content=\"index, follow, max-snippet:-1, max-image-preview:large, max-video-preview:-1\" \/>\n<link rel=\"canonical\" href=\"https:\/\/lvm.ee\/villa2\/muugiinfo\/\" \/>\n<meta property=\"og:locale\" content=\"en_US\" \/>\n<meta property=\"og:type\" content=\"article\" \/>\n<meta property=\"og:title\" content=\"Villa 2\" \/>\n<meta property=\"og:description\" content=\"P\u00e4rnu eksklusiivseim aadress! P\u00e4rnu valge liivaranna ja v\u00f5luvate puiesteede vahel seisab diskreetselt KAMP Arhitektide v\u00e4rske looming!\" \/>\n<meta property=\"og:url\" content=\"https:\/\/lvm.ee\/villa2\/muugiinfo\/\" \/>\n<meta property=\"og:site_name\" content=\"Villa 2\" \/>\n<meta property=\"og:image\" content=\"https:\/\/lvm.ee\/villa2\/wp-content\/uploads\/2025\/09\/Logo.png\" \/>\n\t<meta property=\"og:image:width\" content=\"512\" \/>\n\t<meta property=\"og:image:height\" content=\"512\" \/>\n\t<meta property=\"og:image:type\" content=\"image\/png\" \/>\n<meta name=\"twitter:card\" content=\"summary_large_image\" \/>\n<meta name=\"twitter:label1\" content=\"Est. reading time\" \/>\n\t<meta name=\"twitter:data1\" content=\"1 minute\" \/>\n<script type=\"application\/ld+json\" class=\"yoast-schema-graph\">{\"@context\":\"https:\/\/schema.org\",\"@graph\":[{\"@type\":\"WebPage\",\"@id\":\"https:\/\/lvm.ee\/villa2\/muugiinfo\/\",\"url\":\"https:\/\/lvm.ee\/villa2\/muugiinfo\/\",\"name\":\"Villa 2\",\"isPartOf\":{\"@id\":\"https:\/\/lvm.ee\/villa2\/#website\"},\"primaryImageOfPage\":{\"@id\":\"https:\/\/lvm.ee\/villa2\/muugiinfo\/#primaryimage\"},\"image\":{\"@id\":\"https:\/\/lvm.ee\/villa2\/muugiinfo\/#primaryimage\"},\"thumbnailUrl\":\"https:\/\/lvm.ee\/villa2\/wp-content\/uploads\/2025\/09\/Logo.png\",\"datePublished\":\"2025-12-30T11:47:25+00:00\",\"dateModified\":\"2025-12-30T11:47:25+00:00\",\"description\":\"P\u00e4rnu eksklusiivseim aadress! P\u00e4rnu valge liivaranna ja v\u00f5luvate puiesteede vahel seisab diskreetselt KAMP Arhitektide v\u00e4rske looming!\",\"breadcrumb\":{\"@id\":\"https:\/\/lvm.ee\/villa2\/muugiinfo\/#breadcrumb\"},\"inLanguage\":\"en\",\"potentialAction\":[{\"@type\":\"ReadAction\",\"target\":[\"https:\/\/lvm.ee\/villa2\/muugiinfo\/\"]}]},{\"@type\":\"ImageObject\",\"inLanguage\":\"en\",\"@id\":\"https:\/\/lvm.ee\/villa2\/muugiinfo\/#primaryimage\",\"url\":\"https:\/\/lvm.ee\/villa2\/wp-content\/uploads\/2025\/09\/Logo.png\",\"contentUrl\":\"https:\/\/lvm.ee\/villa2\/wp-content\/uploads\/2025\/09\/Logo.png\",\"width\":512,\"height\":512},{\"@type\":\"BreadcrumbList\",\"@id\":\"https:\/\/lvm.ee\/villa2\/muugiinfo\/#breadcrumb\",\"itemListElement\":[{\"@type\":\"ListItem\",\"position\":1,\"name\":\"Home\",\"item\":\"https:\/\/lvm.ee\/villa2\/\"},{\"@type\":\"ListItem\",\"position\":2,\"name\":\"M\u00fc\u00fcgiinfo\"}]},{\"@type\":\"WebSite\",\"@id\":\"https:\/\/lvm.ee\/villa2\/#website\",\"url\":\"https:\/\/lvm.ee\/villa2\/\",\"name\":\"Villa 2\",\"description\":\"P&auml;rnu eksklusiivseim aadress!\",\"publisher\":{\"@id\":\"https:\/\/lvm.ee\/villa2\/#organization\"},\"potentialAction\":[{\"@type\":\"SearchAction\",\"target\":{\"@type\":\"EntryPoint\",\"urlTemplate\":\"https:\/\/lvm.ee\/villa2\/?s={search_term_string}\"},\"query-input\":\"required name=search_term_string\"}],\"inLanguage\":\"en\"},{\"@type\":\"Organization\",\"@id\":\"https:\/\/lvm.ee\/villa2\/#organization\",\"name\":\"Villa 2\",\"url\":\"https:\/\/lvm.ee\/villa2\/\",\"logo\":{\"@type\":\"ImageObject\",\"inLanguage\":\"en\",\"@id\":\"https:\/\/lvm.ee\/villa2\/#\/schema\/logo\/image\/\",\"url\":\"https:\/\/lvm.ee\/villa2\/wp-content\/uploads\/2022\/08\/Villa-valge-scaled.png\",\"contentUrl\":\"https:\/\/lvm.ee\/villa2\/wp-content\/uploads\/2022\/08\/Villa-valge-scaled.png\",\"width\":2560,\"height\":2560,\"caption\":\"Villa 2\"},\"image\":{\"@id\":\"https:\/\/lvm.ee\/villa2\/#\/schema\/logo\/image\/\"}}]}<\/script>\n<!-- \/ Yoast SEO plugin. -->","yoast_head_json":{"title":"Villa 2","description":"P\u00e4rnu eksklusiivseim aadress! P\u00e4rnu valge liivaranna ja v\u00f5luvate puiesteede vahel seisab diskreetselt KAMP Arhitektide v\u00e4rske looming!","robots":{"index":"index","follow":"follow","max-snippet":"max-snippet:-1","max-image-preview":"max-image-preview:large","max-video-preview":"max-video-preview:-1"},"canonical":"https:\/\/lvm.ee\/villa2\/muugiinfo\/","og_locale":"en_US","og_type":"article","og_title":"Villa 2","og_description":"P\u00e4rnu eksklusiivseim aadress! P\u00e4rnu valge liivaranna ja v\u00f5luvate puiesteede vahel seisab diskreetselt KAMP Arhitektide v\u00e4rske looming!","og_url":"https:\/\/lvm.ee\/villa2\/muugiinfo\/","og_site_name":"Villa 2","og_image":[{"width":512,"height":512,"url":"https:\/\/lvm.ee\/villa2\/wp-content\/uploads\/2025\/09\/Logo.png","type":"image\/png"}],"twitter_card":"summary_large_image","twitter_misc":{"Est. reading time":"1 minute"},"schema":{"@context":"https:\/\/schema.org","@graph":[{"@type":"WebPage","@id":"https:\/\/lvm.ee\/villa2\/muugiinfo\/","url":"https:\/\/lvm.ee\/villa2\/muugiinfo\/","name":"Villa 2","isPartOf":{"@id":"https:\/\/lvm.ee\/villa2\/#website"},"primaryImageOfPage":{"@id":"https:\/\/lvm.ee\/villa2\/muugiinfo\/#primaryimage"},"image":{"@id":"https:\/\/lvm.ee\/villa2\/muugiinfo\/#primaryimage"},"thumbnailUrl":"https:\/\/lvm.ee\/villa2\/wp-content\/uploads\/2025\/09\/Logo.png","datePublished":"2025-12-30T11:47:25+00:00","dateModified":"2025-12-30T11:47:25+00:00","description":"P\u00e4rnu eksklusiivseim aadress! P\u00e4rnu valge liivaranna ja v\u00f5luvate puiesteede vahel seisab diskreetselt KAMP Arhitektide v\u00e4rske looming!","breadcrumb":{"@id":"https:\/\/lvm.ee\/villa2\/muugiinfo\/#breadcrumb"},"inLanguage":"en","potentialAction":[{"@type":"ReadAction","target":["https:\/\/lvm.ee\/villa2\/muugiinfo\/"]}]},{"@type":"ImageObject","inLanguage":"en","@id":"https:\/\/lvm.ee\/villa2\/muugiinfo\/#primaryimage","url":"https:\/\/lvm.ee\/villa2\/wp-content\/uploads\/2025\/09\/Logo.png","contentUrl":"https:\/\/lvm.ee\/villa2\/wp-content\/uploads\/2025\/09\/Logo.png","width":512,"height":512},{"@type":"BreadcrumbList","@id":"https:\/\/lvm.ee\/villa2\/muugiinfo\/#breadcrumb","itemListElement":[{"@type":"ListItem","position":1,"name":"Home","item":"https:\/\/lvm.ee\/villa2\/"},{"@type":"ListItem","position":2,"name":"M\u00fc\u00fcgiinfo"}]},{"@type":"WebSite","@id":"https:\/\/lvm.ee\/villa2\/#website","url":"https:\/\/lvm.ee\/villa2\/","name":"Villa 2","description":"P&auml;rnu eksklusiivseim aadress!","publisher":{"@id":"https:\/\/lvm.ee\/villa2\/#organization"},"potentialAction":[{"@type":"SearchAction","target":{"@type":"EntryPoint","urlTemplate":"https:\/\/lvm.ee\/villa2\/?s={search_term_string}"},"query-input":"required name=search_term_string"}],"inLanguage":"en"},{"@type":"Organization","@id":"https:\/\/lvm.ee\/villa2\/#organization","name":"Villa 2","url":"https:\/\/lvm.ee\/villa2\/","logo":{"@type":"ImageObject","inLanguage":"en","@id":"https:\/\/lvm.ee\/villa2\/#\/schema\/logo\/image\/","url":"https:\/\/lvm.ee\/villa2\/wp-content\/uploads\/2022\/08\/Villa-valge-scaled.png","contentUrl":"https:\/\/lvm.ee\/villa2\/wp-content\/uploads\/2022\/08\/Villa-valge-scaled.png","width":2560,"height":2560,"caption":"Villa 2"},"image":{"@id":"https:\/\/lvm.ee\/villa2\/#\/schema\/logo\/image\/"}}]}},"_links":{"self":[{"href":"https:\/\/lvm.ee\/villa2\/wp-json\/wp\/v2\/pages\/6154","targetHints":{"allow":["GET"]}}],"collection":[{"href":"https:\/\/lvm.ee\/villa2\/wp-json\/wp\/v2\/pages"}],"about":[{"href":"https:\/\/lvm.ee\/villa2\/wp-json\/wp\/v2\/types\/page"}],"author":[{"embeddable":true,"href":"https:\/\/lvm.ee\/villa2\/wp-json\/wp\/v2\/users\/1"}],"replies":[{"embeddable":true,"href":"https:\/\/lvm.ee\/villa2\/wp-json\/wp\/v2\/comments?post=6154"}],"version-history":[{"count":1,"href":"https:\/\/lvm.ee\/villa2\/wp-json\/wp\/v2\/pages\/6154\/revisions"}],"predecessor-version":[{"id":6177,"href":"https:\/\/lvm.ee\/villa2\/wp-json\/wp\/v2\/pages\/6154\/revisions\/6177"}],"wp:featuredmedia":[{"embeddable":true,"href":"https:\/\/lvm.ee\/villa2\/wp-json\/wp\/v2\/media\/5227"}],"wp:attachment":[{"href":"https:\/\/lvm.ee\/villa2\/wp-json\/wp\/v2\/media?parent=6154"}],"curies":[{"name":"wp","href":"https:\/\/api.w.org\/{rel}","templated":true}]}}